{"id":1510,"date":"2023-02-14T17:39:36","date_gmt":"2023-02-14T16:39:36","guid":{"rendered":"https:\/\/www.firad.com\/informativa-privacy-clienti\/"},"modified":"2023-02-15T17:45:23","modified_gmt":"2023-02-15T16:45:23","slug":"informativa-privacy-clienti","status":"publish","type":"page","link":"https:\/\/www.firad.com\/it\/informativa-privacy-clienti\/","title":{"rendered":"Informativa Privacy clienti"},"content":{"rendered":"<p>Ai sensi dell\u2019 art. 13 del Regolamento UE n. 2016\/679 (di seguito \u201cGDPR 2016\/679\u201d) F.I.R.A.D. S.p.a. p.iva 00181340043 con sede in Via Barge n. 93 \u2013 Bagnolo Piemonte (Cn) in qualit\u00e0 di titolare del trattamento (di seguito indicato come \u201cTitolare\u201d) desidera informarLa circa le finalit\u00e0 e le modalit\u00e0 di trattamento dei dati personali che La riguardano.<\/p>\n<h3>1. Fonte, oggetto e finalit\u00e0 del trattamento.<\/h3>\n<p>Il Titolare tratta i Suoi dati personali comuni identificativi (nome, cognome, denominazione sociale, indirizzo, codice fiscale, partita IVA, e-mail, numeri di telefono), nonch\u00e9 i dati necessari ad eseguire le prestazioni richieste e le transazioni finanziarie (ad es. coordinate bancarie etc), da Lei direttamente comunicati in fase pre-contrattuale\/contrattuale.<\/p>\n<p>Il titolare tratta i suddetti dati personali nell\u2019ambito dell\u2019esercizio della propria attivit\u00e0, in modo lecito e secondo correttezza, per finalit\u00e0 connesse all\u2019adempimento di obblighi contrattuali o di legge.<\/p>\n<h3>2. Base giuridica.<\/h3>\n<p>La base giuridica del trattamento \u00e8 rappresentata dal contratto concluso tra le parti (ex art. 6 par. 1 lett. b del Reg. Eu 679\/2016) e dagli obblighi legali che il Titolare del trattamento \u00e8 tenuto ad osservare (art. 6 par. 1 lett. c).<\/p>\n<h3>3.Modalit\u00e0 di trattamento.<\/h3>\n<p>Il trattamento dei Suoi dati personali \u00e8 realizzato per mezzo delle operazioni indicate nell\u2019art. 4 c. 2) del GDPR e precisamente: raccolta, registrazione, organizzazione, conservazione, consultazione, elaborazione, modificazione, selezione, estrazione, raffronto, utilizzo, interconnessione, blocco, comunicazione, cancellazione e distruzione dei dati. I Suoi dati personali sono sottoposti a trattamento sia cartaceo che elettronico.<\/p>\n<h3>4. Natura del conferimento dei dati e conseguenze del rifiuto di rispondere.<\/h3>\n<p>Il conferimento dei dati per le finalit\u00e0 di cui all\u2019art. 1 \u00e8 necessario in quanto connesso\u00a0 alla gestione del rapporto contrattuale ed in loro assenza, il titolare non potr\u00e0 adempiere ai servizi richiesti.<\/p>\n<h3>5. Accesso ai dati.<\/h3>\n<p>I Suoi dati potranno essere resi accessibili per le finalit\u00e0 di cui all\u2019art. 1 a):<\/p>\n<p>a dipendenti e collaboratori del Titolare nella loro qualit\u00e0 di Incaricati e\/o Soggetti designati del trattamento e\/o Amministratori di sistema;<\/p>\n<p>a Societ\u00e0 e\/o Studi professionali o consulenti con cui il Titolare ha rapporti contrattuali, di collaborazione (es. per attivit\u00e0 di supporto o di gestione dei servizi richiesti), che svolgono attivit\u00e0 di outsourcing per conto del Titolare, nella loro qualit\u00e0 di Responsabili esterni del trattamento (ad es. commercialisti, consulenti informatici etc.)<\/p>\n<h3>6. Comunicazione dei dati.<\/h3>\n<p>l Titolare potr\u00e0 comunicare i Suoi dati per le finalit\u00e0 di cui all\u2019art. 1 \u00a0ad enti pubblici (ad es Organismi di Vigilanza, Agenzia delle Entrate etc.) nonch\u00e9 a tutti gli altri soggetti verso i quali la comunicazione sia obbligatoria per legge, per l\u2019espletamento delle finalit\u00e0 dette.<\/p>\n<p>I Suoi dati personali non saranno oggetto di diffusione.<\/p>\n<h3>7. Trasferimento dei dati.<\/h3>\n<p>Il Titolare del trattamento non trasferisce i Suoi dati personali all\u2019Estero. La gestione e la conservazione dei dati personali avviene su server ubicati all\u2019interno dell\u2019Unione Europea del Titolare e\/o di societ\u00e0 terze incaricate e debitamente nominate quali Responsabili del trattamento. Ove si rendesse necessario, il Titolare, avr\u00e0 comunque facolt\u00e0 di spostare l\u2019ubicazione dei server. In tal caso, il Titolare assicura che, qualora i dati vengano trasferiti in paesi extra Ue, il trasferimento avverr\u00e0 in conformit\u00e0 alle disposizioni di legge applicabili stipulando, se necessario, accordi che garantiscano un livello di protezione adeguato e\/o adottando le clausole contrattuali standard previste dalla Commissione Europea.<\/p>\n<h3>8. Periodo di conservazione.<\/h3>\n<p>Il Titolare tratter\u00e0 i dati personali per il tempo strettamente necessario ad adempiere le finalit\u00e0 di cui sopra e dopo la cessazione del rapporto, nel rispetto dei principi di proporzionalit\u00e0 e minimizzazione, esclusivamente per adempiere ad obblighi legali, contabili o fiscali o altre norme obbligatorie o per esigenze di tutela del Titolare (ad es. gestione di eventuali contenziosi).<\/p>\n<h3>9. Diritti dell\u2019interessato<\/h3>\n<p>In qualit\u00e0, di interessato al trattamento dei dati personali potr\u00e0 esercitare in qualunque momento, i diritti espressamente riconosciuti dagli artt. da 15 a 22 del Regolamento europeo, in particolare il diritto di accesso ai dati personali, il diritto di rettifica, il diritto di cancellazione, il diritto di limitazione e di opposizione, il diritto alla portabilit\u00e0, il diritto a non essere sottoposto a decisioni automatizzate ivi compresa la profilazione, il diritto a revocare il consenso al trattamento senza pregiudicare la liceit\u00e0 del trattamento effettuato prima della revoca, il diritto a proporre reclamo all\u2019Autorit\u00e0 garante, qualora ritenga che il trattamento avvenga in violazione del Reg. Eu 679\/2016 o della normativa nazionale in materia di trattamento dei dati personali.<\/p>\n<h3>10. Modalit\u00e0 di esercizio dei diritti.<\/h3>\n<p>Potr\u00e0 in qualsiasi momento esercitare i Suoi diritti inviando una comunicazione AR a F.I.R.A.D. S.p.a. in Via Barge n. 93 \u2013 Bagnolo Piemonte (Cn) oppure una mail a info@firad.it.<\/p>\n<h3>11. Titolare, Responsabile ed Incaricati.<\/h3>\n<p>Il Titolare del trattamento \u00e8 F.I.R.A.D. S.p.a. p.iva 00181340043 con sede in Via Barge n. 93 \u2013 Bagnolo Piemonte (Cn), tel. 0175\/392251-0175\/392540 indirizzo mail info@firad.it indirizzo pec firadspa@legalmail.it<\/p>\n<p>L\u2019elenco aggiornato dei Responsabili e degli Incaricati al trattamento \u00e8 disponibile presso la Sede legale del Titolare del trattamento.<\/p>\n","protected":false},"excerpt":{"rendered":"<p>Ai sensi dell\u2019 art. 13 del Regolamento UE n. 2016\/679 (di seguito \u201cGDPR 2016\/679\u201d) F.I.R.A.D. S.p.a. p.iva 00181340043 con sede&#8230;<\/p>\n","protected":false},"author":3,"featured_media":0,"parent":0,"menu_order":0,"comment_status":"closed","ping_status":"closed","template":"page-without-sidebar.php","meta":{"footnotes":""},"class_list":["post-1510","page","type-page","status-publish","hentry"],"_links":{"self":[{"href":"https:\/\/www.firad.com\/it\/wp-json\/wp\/v2\/pages\/1510","targetHints":{"allow":["GET"]}}],"collection":[{"href":"https:\/\/www.firad.com\/it\/wp-json\/wp\/v2\/pages"}],"about":[{"href":"https:\/\/www.firad.com\/it\/wp-json\/wp\/v2\/types\/page"}],"author":[{"embeddable":true,"href":"https:\/\/www.firad.com\/it\/wp-json\/wp\/v2\/users\/3"}],"replies":[{"embeddable":true,"href":"https:\/\/www.firad.com\/it\/wp-json\/wp\/v2\/comments?post=1510"}],"version-history":[{"count":2,"href":"https:\/\/www.firad.com\/it\/wp-json\/wp\/v2\/pages\/1510\/revisions"}],"predecessor-version":[{"id":1612,"href":"https:\/\/www.firad.com\/it\/wp-json\/wp\/v2\/pages\/1510\/revisions\/1612"}],"wp:attachment":[{"href":"https:\/\/www.firad.com\/it\/wp-json\/wp\/v2\/media?parent=1510"}],"curies":[{"name":"wp","href":"https:\/\/api.w.org\/{rel}","templated":true}]}}

<p>Ai sensi dell’ art. 13 del Regolamento UE n. 2016/679 (di seguito “GDPR 2016/679”) F.I.R.A.D. S.p.a. p.iva 00181340043 con sede in Via Barge n. 93 – Bagnolo Piemonte (Cn) in qualità di titolare del trattamento (di seguito indicato come “Titolare”) desidera informarLa circa le finalità e le modalità di trattamento dei dati personali che La riguardano.</p>
<h3>1. Fonte, oggetto e finalità del trattamento.</h3>
<p>Il Titolare tratta i Suoi dati personali comuni identificativi (nome, cognome, denominazione sociale, indirizzo, codice fiscale, partita IVA, e-mail, numeri di telefono), nonché i dati necessari ad eseguire le prestazioni richieste e le transazioni finanziarie (ad es. coordinate bancarie etc), da Lei direttamente comunicati in fase pre-contrattuale/contrattuale.</p>
<p>Il titolare tratta i suddetti dati personali nell’ambito dell’esercizio della propria attività, in modo lecito e secondo correttezza, per finalità connesse all’adempimento di obblighi contrattuali o di legge.</p>
<h3>2. Base giuridica.</h3>
<p>La base giuridica del trattamento è rappresentata dal contratto concluso tra le parti (ex art. 6 par. 1 lett. b del Reg. Eu 679/2016) e dagli obblighi legali che il Titolare del trattamento è tenuto ad osservare (art. 6 par. 1 lett. c).</p>
<h3>3.Modalità di trattamento.</h3>
<p>Il trattamento dei Suoi dati personali è realizzato per mezzo delle operazioni indicate nell’art. 4 c. 2) del GDPR e precisamente: raccolta, registrazione, organizzazione, conservazione, consultazione, elaborazione, modificazione, selezione, estrazione, raffronto, utilizzo, interconnessione, blocco, comunicazione, cancellazione e distruzione dei dati. I Suoi dati personali sono sottoposti a trattamento sia cartaceo che elettronico.</p>
<h3>4. Natura del conferimento dei dati e conseguenze del rifiuto di rispondere.</h3>
<p>Il conferimento dei dati per le finalità di cui all’art. 1 è necessario in quanto connesso  alla gestione del rapporto contrattuale ed in loro assenza, il titolare non potrà adempiere ai servizi richiesti.</p>
<h3>5. Accesso ai dati.</h3>
<p>I Suoi dati potranno essere resi accessibili per le finalità di cui all’art. 1 a):</p>
<p>a dipendenti e collaboratori del Titolare nella loro qualità di Incaricati e/o Soggetti designati del trattamento e/o Amministratori di sistema;</p>
<p>a Società e/o Studi professionali o consulenti con cui il Titolare ha rapporti contrattuali, di collaborazione (es. per attività di supporto o di gestione dei servizi richiesti), che svolgono attività di outsourcing per conto del Titolare, nella loro qualità di Responsabili esterni del trattamento (ad es. commercialisti, consulenti informatici etc.)</p>
<h3>6. Comunicazione dei dati.</h3>
<p>l Titolare potrà comunicare i Suoi dati per le finalità di cui all’art. 1  ad enti pubblici (ad es Organismi di Vigilanza, Agenzia delle Entrate etc.) nonché a tutti gli altri soggetti verso i quali la comunicazione sia obbligatoria per legge, per l’espletamento delle finalità dette.</p>
<p>I Suoi dati personali non saranno oggetto di diffusione.</p>
<h3>7. Trasferimento dei dati.</h3>
<p>Il Titolare del trattamento non trasferisce i Suoi dati personali all’Estero. La gestione e la conservazione dei dati personali avviene su server ubicati all’interno dell’Unione Europea del Titolare e/o di società terze incaricate e debitamente nominate quali Responsabili del trattamento. Ove si rendesse necessario, il Titolare, avrà comunque facoltà di spostare l’ubicazione dei server. In tal caso, il Titolare assicura che, qualora i dati vengano trasferiti in paesi extra Ue, il trasferimento avverrà in conformità alle disposizioni di legge applicabili stipulando, se necessario, accordi che garantiscano un livello di protezione adeguato e/o adottando le clausole contrattuali standard previste dalla Commissione Europea.</p>
<h3>8. Periodo di conservazione.</h3>
<p>Il Titolare tratterà i dati personali per il tempo strettamente necessario ad adempiere le finalità di cui sopra e dopo la cessazione del rapporto, nel rispetto dei principi di proporzionalità e minimizzazione, esclusivamente per adempiere ad obblighi legali, contabili o fiscali o altre norme obbligatorie o per esigenze di tutela del Titolare (ad es. gestione di eventuali contenziosi).</p>
<h3>9. Diritti dell’interessato</h3>
<p>In qualità, di interessato al trattamento dei dati personali potrà esercitare in qualunque momento, i diritti espressamente riconosciuti dagli artt. da 15 a 22 del Regolamento europeo, in particolare il diritto di accesso ai dati personali, il diritto di rettifica, il diritto di cancellazione, il diritto di limitazione e di opposizione, il diritto alla portabilità, il diritto a non essere sottoposto a decisioni automatizzate ivi compresa la profilazione, il diritto a revocare il consenso al trattamento senza pregiudicare la liceità del trattamento effettuato prima della revoca, il diritto a proporre reclamo all’Autorità garante, qualora ritenga che il trattamento avvenga in violazione del Reg. Eu 679/2016 o della normativa nazionale in materia di trattamento dei dati personali.</p>
<h3>10. Modalità di esercizio dei diritti.</h3>
<p>Potrà in qualsiasi momento esercitare i Suoi diritti inviando una comunicazione AR a F.I.R.A.D. S.p.a. in Via Barge n. 93 – Bagnolo Piemonte (Cn) oppure una mail a info@firad.it.</p>
<h3>11. Titolare, Responsabile ed Incaricati.</h3>
<p>Il Titolare del trattamento è F.I.R.A.D. S.p.a. p.iva 00181340043 con sede in Via Barge n. 93 – Bagnolo Piemonte (Cn), tel. 0175/392251-0175/392540 indirizzo mail info@firad.it indirizzo pec firadspa@legalmail.it</p>
<p>L’elenco aggiornato dei Responsabili e degli Incaricati al trattamento è disponibile presso la Sede legale del Titolare del trattamento.</p>
